{"id":9,"date":"2017-01-05T17:37:58","date_gmt":"2017-01-05T16:37:58","guid":{"rendered":"http:\/\/celine-schiavolini.com\/?page_id=9"},"modified":"2020-06-03T22:08:31","modified_gmt":"2020-06-03T20:08:31","slug":"contact","status":"publish","type":"page","link":"https:\/\/celine-schiavolini.com\/?page_id=9","title":{"rendered":"Contact"},"content":{"rendered":"<div style=\"text-align: justify; text-justify: inter-word;\">\n<div>Pour tous renseignements ou demandes de rendez-vous vous pouvez contacter Ma\u00eetre C\u00e9line SCHIAVOLINI par t\u00e9l\u00e9phone au 06.82.37.09.24 ou par email <a href=\"mailto:contact@celine-schiavolini.com\" target=\"_blank\">contact@celine-schiavolini.com<\/a>.<\/div>\n<p><!--<a href=\"mailto:celine.schiavolini@gmail.com\" target=\"_blank\">celine.schiavolini@gmail.com<\/a>--><br \/>\n&nbsp;<\/p>\n<div>Vous pouvez \u00e9galement joindre le Cabinet situ\u00e9 \u00e0 NICE (06.000) 14 rue Paul D\u00e9roul\u00e8de, Le Central Park, par t\u00e9l\u00e9copie au 09.81.40.06.94.<\/div>\n<p>&nbsp;<\/p>\n<div>Le Cabinet est desservi par la ligne du tramway (arr\u00eat NICE ETOILE), la rue Paul D\u00e9roul\u00e8de fait face \u00e0 NICE ETOILE (prendre l&rsquo;angle entre le magasin C\u00e9lio et la banque Caisse d&rsquo;Epargne situ\u00e9s sur l&rsquo;avenue Jean M\u00e9decin).<\/div>\n<p>&nbsp;<\/p>\n<div>Vous pouvez facilement stationner au parking NICE ETOILE ou au parking MOZART.<\/div>\n<p>&nbsp;<\/p>\n<div>\n<div>Besoin d&rsquo;une assistance juridique?<\/div>\n<div>Besoin d&rsquo;\u00eatre repr\u00e9sent\u00e9 en justice?<\/div>\n<div>Besoin de l&rsquo;intervention d&rsquo;un professionnel pour la r\u00e9daction d&rsquo;un acte juridique?<\/div>\n<div>Besoin d&rsquo;\u00eatre assist\u00e9 dans le cadre d&rsquo;un litige transfrontalier?<\/div>\n<p>&nbsp;<\/p>\n<div>N&rsquo;h\u00e9sitez pas \u00e0 contacter le Cabinet de Ma\u00eetre C\u00e9line SCHIAVOLINI qui vous aidera \u00e0 \u00e9tablir une strat\u00e9gie juridique ; un premier rendez-vous vous sera imm\u00e9diatement propos\u00e9.<\/div>\n<\/div>\n<\/div>\n","protected":false},"excerpt":{"rendered":"<p>Pour tous renseignements ou demandes de rendez-vous vous pouvez contacter Ma\u00eetre C\u00e9line SCHIAVOLINI par t\u00e9l\u00e9phone au 06.82.37.09.24 ou par email contact@celine-schiavolini.com. &nbsp; Vous pouvez \u00e9galement&hellip;<\/p>\n","protected":false},"author":1,"featured_media":0,"parent":0,"menu_order":1,"comment_status":"closed","ping_status":"closed","template":"","meta":{"_themeisle_gutenberg_block_has_review":false,"footnotes":""},"_links":{"self":[{"href":"https:\/\/celine-schiavolini.com\/index.php?rest_route=\/wp\/v2\/pages\/9"}],"collection":[{"href":"https:\/\/celine-schiavolini.com\/index.php?rest_route=\/wp\/v2\/pages"}],"about":[{"href":"https:\/\/celine-schiavolini.com\/index.php?rest_route=\/wp\/v2\/types\/page"}],"author":[{"embeddable":true,"href":"https:\/\/celine-schiavolini.com\/index.php?rest_route=\/wp\/v2\/users\/1"}],"replies":[{"embeddable":true,"href":"https:\/\/celine-schiavolini.com\/index.php?rest_route=%2Fwp%2Fv2%2Fcomments&post=9"}],"version-history":[{"count":9,"href":"https:\/\/celine-schiavolini.com\/index.php?rest_route=\/wp\/v2\/pages\/9\/revisions"}],"predecessor-version":[{"id":103,"href":"https:\/\/celine-schiavolini.com\/index.php?rest_route=\/wp\/v2\/pages\/9\/revisions\/103"}],"wp:attachment":[{"href":"https:\/\/celine-schiavolini.com\/index.php?rest_route=%2Fwp%2Fv2%2Fmedia&parent=9"}],"curies":[{"name":"wp","href":"https:\/\/api.w.org\/{rel}","templated":true}]}}